z**3 - 22*z**2 - 27*z + 4. Let w be l(-21). What is the greatest common divisor of 30 and w?
10
Let n(d) = 6*d**3 - 2*d + 1. Let z be (-2*1/(-2))/1. Let v be n(z). Let j be (0/(-5) - 1)/((-7)/(-140)*-4). What is the greatest common factor of j and v?
5
Suppose 3 = -3*a, -q - 3*q + 60 = -4*a. Let r be 200/q + -4 - 6/21. What is the greatest common factor of 4 and r?
2
Let a(b) = 20*b**2 + 4*b - 3. Let w be a(1). Suppose -5*s = -2*s - w. What is the highest common factor of 7 and s?
7
Let z be ((-1)/(-2))/((-2)/(-48)). Suppose -3*j + 0*j = -2*l + 9, 2*j = -6. Suppose 12 = 4*g - l*g. Calculate the highest common factor of g and z.
3
Let u(b) = 2*b + 7. Let y be u(6). Let k = -15 + y. Let i be 3 - 1/(1 - 2). What is the highest common divisor of k and i?
4
Suppose -3*l + 92 = v, 38*v + 88 = 3*l + 37*v. Calculate the greatest common factor of 345 and l.
15
Suppose 40 = s - 4*c, 0 = -3*s - c + 54 + 53. Suppose 2*u + u - s = 0. What is the highest common factor of 12 and u?
12
Let v be 28/35 + (-168)/(-15). Let w(f) = f**3 - 10*f**2 - 14*f + 13. Let k be w(v). Calculate the greatest common factor of k and 7.
7
Let q = -5 + 3. Let b be (-28)/98 - 3912/28. Let k be (b/42)/(q/15). What is the highest common divisor of 100 and k?
25
Let h be 1/(-4 - 87/(-21)). Let z = 11 - h. Let w be (-15)/(-2 + z/4). Calculate the highest common factor of 15 and w.
15
Suppose -d = -3*d + 28. Let p = d - 9. What is the highest common divisor of p and 10?
5
Let u(v) = 2*v + 10. Let x be u(-5). Suppose x = o - 6*o + 210. Calculate the highest common divisor of 6 and o.
6
Let n(h) = 0*h - h + h - h. Let w be n(-2). Suppose 0 = j + w, 104 = 4*u + 4*j. Calculate the greatest common factor of u and 7.
7
Suppose -938 = -5*m + 1647. Calculate the highest common factor of 141 and m.
47
Let y be 7/((-70)/775)*-2. Let s = y + -139. Calculate the greatest common factor of s and 2.
2
Let h = 21 + -19. Suppose 0 = 5*b + 4*j - 25, -2*b - h*b + 19 = 3*j. Suppose -56 = -5*z - 16. Calculate the highest common factor of z and b.
1
Let t = -23 + 28. Suppose t*d = 97 + 38. What is the greatest common divisor of d and 27?
27
Let u(h) = -h**3 + 3*h**2 + 66*h - 20. Let t be u(9). Calculate the greatest common factor of 16 and t.
8
Let o(q) = -46*q + 54. Let y be o(-7). What is the highest common factor of y and 141?
47
Let f(q) = -8*q - 4. Let y be ((-4)/10)/((-2)/(-10)). Let i be f(y). Calculate the highest common factor of i and 18.
6
Let m(k) = 22 + 66*k + 6 - 69*k. Let n be m(3). Calculate the greatest common factor of 76 and n.
19
Let v = 11 - 8. Suppose -v - 7 = -t. What is the greatest common factor of 20 and t?
10
Suppose -14 = o - 3*o. Let p = o + -2. Suppose -p*f - 4*u + 125 = -3*u, -u = 0. What is the highest common divisor of 225 and f?
25
Suppose 93*u = 47*u + 690. What is the highest common factor of 240 and u?
15
Let q be 4 + (32 - 0/(-3)). What is the highest common divisor of 180 and q?
36
Let p be (-22 + 24)*17/2. Suppose 4*i + 4*b = 768, 5*b + 767 = 4*i + 44. What is the highest common divisor of p and i?
17
Suppose -2*s - 3*p - 21 = 22, -3*s + 5*p = 55. Let z = s + 27. Let d be ((-6)/10)/(z/(-175)). What is the greatest common factor of d and 10?
5
Suppose -4*z - 4*b + 77 = -3*z, -4*z + b + 274 = 0. What is the greatest common factor of 46 and z?
23
Let n(f) = -63*f + 4498. Let y be n(70). Let i(r) = 12*r - 2. Let k be i(2). What is the highest common divisor of y and k?
22
Suppose 0 = 5*b - 41 + 1. What is the greatest common divisor of b and 22?
2
Let l = -156 - -261. Let q = -994 - -1029. Calculate the greatest common divisor of l and q.
35
Suppose 4*a - 64 = -3*j, -33 = -2*j - 4*a + 7. What is the greatest common factor of j and 16?
8
Let w(s) = 4*s - 130. Let o be w(39). Suppose -2*y - 91 = -3*y. What is the greatest common divisor of y and o?
13
Let h(a) = -a + 18. Let x be h(-11). What is the greatest common divisor of 609 and x?
29
Suppose 0 = 2*h - h - 3*l - 45, 2*l - 106 = -2*h. Let m = 7 - h. Let s be 8/m + 4131/33. Calculate the highest common divisor of s and 25.
25
Suppose -3*k + 26 = 5*c, -4*k + 2*c = -0*k - 78. Let i be ((-204)/(-10))/((-24)/(-160)). Calculate the highest common factor of k and i.
17
Let s = -24 - -43. Let b = 28 - s. What is the highest common factor of b and 18?
9
Let v(k) = 14*k**3 - 3*k**2 - 4*k + 5. Let q be v(1). Calculate the greatest common divisor of 108 and q.
12
Suppose 4*t = -3*k + 18206 - 6547, 5*t - 5*k = 14565. Calculate the greatest common divisor of 94 and t.
94
Let m(w) = 22*w**2 + 40*w + 125. Let j be m(-3). Calculate the greatest common factor of 116 and j.
29
Suppose 5*v = 5*c + 50, -3 = 4*c - 2*v + 35. Let g(i) = -2*i - 10. Let s be g(c). Let h = s + -5. Calculate the greatest common factor of 15 and h.
3
Let i(d) = d + 14. Suppose 26 = -4*p + l, -4*p - 51 + 13 = 5*l. Let f be i(p). Let j = 1 + 0. What is the greatest common divisor of j and f?
1
Let y(u) = 6*u + 140. Let m be y(-22). What is the greatest common divisor of 2 and m?
2
Let k be (0 + 0)/2 - (-78 - 98). Calculate the greatest common divisor of k and 64.
16
Let i(k) = 10*k**2 - 2*k. Let t be i(1). Suppose -t*b = -22 - 2. What is the greatest common divisor of b and 21?
3
Suppose 12*q + 52 = 148. Let h(j) = j**2 - 9*j + 4. Let a be h(12). Calculate the greatest common factor of q and a.
8
Suppose d - 3*m - 618 = 0, -13*d + 3062 = -8*d - m. What is the highest common factor of 60 and d?
12
Let l(b) = -b**2 + 9*b + 9. Let n be l(8). Let t(f) = -16*f + 11. Let j be t(-11). What is the greatest common factor of n and j?
17
Suppose 53*s - 19*s = 9384. What is the highest common divisor of 12 and s?
12
Suppose 26*m = 5*m + 16758. Calculate the greatest common factor of 70 and m.
14
Let y = 0 + 23. Let r(b) = -73*b + 4. Let c(j) = j - 1. Let i(a) = -3*c(a) - r(a). Let o be i(1). What is the highest common divisor of o and y?
23
Let v be 5/(15/(-6)) + 36. Let i be (v/3)/(0 - (-6)/9). Calculate the greatest common factor of 51 and i.
17
Let k(a) = 3*a**2 + 6*a**2 + 3*a - 2 - a**3 + 3. Let p be k(9). Calculate the greatest common divisor of p and 112.
28
Let n be ((-60)/(-16))/(((-54)/24)/(-9)). Calculate the greatest common divisor of 3210 and n.
15
Let r = 194 + -190. What is the highest common factor of 4 and r?
4
Suppose -4*f - 5*x + 1148 + 2624 = 0, -2*f - x = -1886. Calculate the highest common factor of 23 and f.
23
Let d = 710 - 479. Calculate the highest common divisor of d and 66.
33
Let p be (-291)/(-15) - 28/20. Calculate the highest common factor of 270 and p.
18
Let n = 25 - 19. Let s be n/2*(-702)/(-6). Suppose -3*o + t + s = -2*o, -o - 4*t = -356. Calculate the highest common divisor of o and 32.
32
Let a(s) be the first derivative of -s**2/2 + 21*s - 16. Let n be a(9). Let t = -112 + 244. Calculate the highest common factor of n and t.
12
Let q = -529 + 541. What is the highest common divisor of q and 100?
4
Let a be 187/(((-9)/(-2))/9). Calculate the greatest common factor of a and 44.
22
Suppose 0 = -2*a + 224 - 70. Let y(k) = -k**2 - 7*k - 7. Let l be y(-6). Let o be (2 - (-8 - l)) + 2. What is the highest common divisor of a and o?
11
Let t = 26 + -14. Suppose 0 = -3*v - 2*c + 38, -6*c + 62 = 5*v - 4*c. Calculate the highest common factor of t and v.
12
Let v be (-16)/(-6) - (-25042)/57. What is the highest common divisor of v and 78?
26
Suppose -3*s + 566 = -2*l + l, 12 = 3*l. What is the greatest common factor of s and 418?
38
Suppose -k - 19 = -5*x, 0 = -5*x - 10 + 35. What is the highest common factor of k and 16?
2
Let o = 1509 + -1394. Calculate the highest common factor of o and 437.
23
Let q = 564 - 159. Calculate the greatest common divisor of 15 and q.
15
Let n be 9*((-4)/(-14) - (-492)/42). Calculate the highest common divisor of 540 and n.
108
Suppose 0 = 2*d - 3*d + 35. Suppose -d = -2*w + 5. Calculate the greatest common factor of 8 and w.
4
Suppose -4*p = 3808 - 3964. Calculate the highest common divisor of p and 598.
13
Let j be (2/6)/((-1)/(-57)). Suppose -3*v = 8 - 11, 0 = 3*d + 2*v - 116. What is the highest common factor of j and d?
19
Let k be 16*((-2)/(-1) - 0). Calculate the highest common factor of 112 and k.
16
Let x = 812 - 552. What is the greatest common divisor of x and 40?
20
Suppose -4*w + 16 = -4. Let y = 3 - -2